). Let g = -46 - -54. Suppose 4*u - g*u + b = 0. List the prime factors of u.
11
Suppose -4*g + 2124 = 4*o, 0 = -2*g - 1 + 5. List the prime factors of o.
23
Let v be 3 + -3 + (1 - 12). Let h(j) = -j**3 - 11*j**2 - 7*j + 12. What are the prime factors of h(v)?
89
Suppose 15*h - 765 = 12*h. Suppose 0 = -3*v + b + h, v + 23 = -4*b + 121. What are the prime factors of v?
2, 43
Let i(j) = -j**3 - 6*j**2 + 14*j - 4. Let s(o) = o**3 + 8*o**2 - 9*o - 8. Let r be s(-9). List the prime factors of i(r).
2, 3
Let m(l) = -11*l - 92. Let j be m(27). Let v = -230 - j. What are the prime factors of v?
3, 53
Let k(s) = -34*s**3 + 2*s**2 - 1. Let j(f) = f**3 - 4*f**2 - 2*f - 9. Let g be j(5). Let b be (-1)/2*(8 - g). What are the prime factors of k(b)?
5, 7
Suppose -25*p = -21*p - 552. List the prime factors of p.
2, 3, 23
Let y(n) = -n**3 - 22*n**2 - 20*n + 26. Let r be y(-21). Suppose -4*l = -r*d - 3*l + 612, 5*l = -5*d + 600. What are the prime factors of d?
2, 61
Suppose 0 = 2*h - 135 - 135. What are the prime factors of h?
3, 5
Suppose -6*q = -9*q + 381. Let p = -55 + q. List the prime factors of p.
2, 3
Let j be 6/3 + 0/(-2). Suppose 48 = -k + j*k. List the prime factors of k.
2, 3
Let y(x) = 3*x - 5. Let c(l) = -4*l + 6. Let j(m) = -4*c(m) - 5*y(m). Let p be j(-3). What are the prime factors of p/(-6) - 975/(-45)?
2, 11
What are the prime factors of (20/(-16))/(-1)*(-2 + 58)?
2, 5, 7
Let s be (-2)/7 - 242/(-14). Let q(z) = 9*z - 16. Let x be q(5). Let u = x - s. What are the prime factors of u?
2, 3
Let p(l) = -l + 7. Let x be p(10). Let s be (1/x)/((-6)/(-18)). What are the prime factors of (s/(-3))/((-6)/(-324))?
2, 3
Let v(q) = q**2 - 6*q + 6. Let b be v(4). Let m(l) = l**3 - 23*l**2 + 50*l + 14. Let t be m(17). List the prime factors of t/(-25) - b/10.
5, 7
Suppose -2568 = -62*g + 7910. List the prime factors of g.
13
Let b be ((-250)/(-15))/(1/(-3)). Let x = 65 - b. List the prime factors of x.
5, 23
Let u(g) = 8*g**2 - 23*g - 11. Let r(d) = -7*d**2 + 22*d + 12. Let v(p) = 7*r(p) + 6*u(p). List the prime factors of v(16).
2, 3
Let a be (-20)/11 + 2 + 513/(-99). Let o = 99 - a. What are the prime factors of o?
2, 13
Let n be (-762)/(-16) - (-3)/8. Let l = n - -23. What are the prime factors of l?
71
Suppose l = -0*l + 3*f - 1248, 0 = -3*l + 3*f - 3756. List the prime factors of l/(-34) - (-2)/17.
37
Let x(s) = 22*s**3 + 3*s**2 - 5*s + 7. Suppose 2*r + 12 = 8*r. List the prime factors of x(r).
5, 37
Let c(d) = 3 + 0 + 8*d - 5 + 2*d**2. List the prime factors of c(-8).
2, 31
Let q(w) = -4*w - 79. Let a be q(-19). Let r(u) = u**3 + 8*u**2 + 8*u + 7. Let s be r(-7). List the prime factors of 3 + (0/a - s).
3
Let o = 1936 + 1513. List the prime factors of o.
3449
Let y(r) = 4*r - 2. Let b be y(3). Let a = 181 - 43. Suppose -13*p = -b*p - a. List the prime factors of p.
2, 23
Let y = 4 - 9. Let j be (-96)/(-15) + 2/y. Let p = j - -4. What are the prime factors of p?
2, 5
Let k be ((-24)/(-15))/(4/(-10)). List the prime factors of ((-44)/8)/(2/k).
11
Let g(q) = 6*q**3 + 6*q**2 - 2*q - 8. What are the prime factors of g(4)?
2, 29
Let x(t) = 3*t. Let d be x(1). Suppose -f - f = -4. Suppose -f = -5*a + 3*m + 11, -d*a + 1 = 5*m. What are the prime factors of a?
2
Let p = 1552 - 1243. List the prime factors of p.
3, 103
Let c(g) = g**2 + 2*g - 15. Let t be c(6). Suppose 84 = 3*o + t. What are the prime factors of o?
17
Let n(y) = -3*y**3 - 8*y**2 + 16*y + 40. What are the prime factors of n(-9)?
5, 7, 41
Let u = 1948 - 1114. List the prime factors of u.
2, 3, 139
Suppose -113792 = -7*x - 21*x. What are the prime factors of x?
2, 127
What are the prime factors of -4 + 7 + (3162 - (-16)/(-4))?
29, 109
Let v(d) = -d**2 + d + 2193. What are the prime factors of v(0)?
3, 17, 43
List the prime factors of 670/4*((-56)/(-20) - 2).
2, 67
Let f(z) be the third derivative of -z**4/4 - 19*z**3/6 - 8*z**2. Let r be f(-7). Suppose -19*v + r*v = 140. What are the prime factors of v?
5, 7
Let v be (-6)/(-2) + -3 - 4. Let o be 27/((42/v)/(-7)). Let p = o + -11. List the prime factors of p.
7
Suppose 4*c - 19 = -3, -2*q = 2*c - 7078. List the prime factors of q.
5, 7, 101
Suppose -4*w = 3*i - 3603, -21*w = -25*w + 3*i + 3597. List the prime factors of w.
2, 3, 5
Let l(w) = -w**3 + 6*w**2 - 4*w + 7. Let z(j) = -2*j + 6. Let b be z(0). Let p be l(b). Let g = -2 - p. List the prime factors of g.
3, 5
Suppose q = -y + 4, 5*y - 16 = -2*q + 1. Suppose y*k - 41 - 13 = 0. Let o = k - 3. List the prime factors of o.
3, 5
Let t(g) = -2*g + 9. Let m be t(3). Suppose -3*i = -39 + 3. Suppose -2*r + 2*z + 2 = 0, -i = -r - r - m*z. List the prime factors of r.
3
Let c(x) = -2*x - 8. Let l be c(-5). Suppose 4*a + l*a = 786. List the prime factors of a.
131
Let q = -45 + 47. Suppose -2*v = -q*f - 3*f - 158, -4*f = -3*v + 251. List the prime factors of v.
89
Suppose s = -24 - 5. Let o = 64 + s. List the prime factors of o.
5, 7
Let z = 2660 + -1466. List the prime factors of z.
2, 3, 199
Suppose o + 10790 = 17*j - 9*j, 6753 = 5*j + 4*o. List the prime factors of j.
19, 71
Suppose 55 = 2*g + 17. Suppose -20*w + g*w + 5 = 0. Suppose -w*v + 186 = 2*o, 0 = v - 3*o - 0*o - 27. List the prime factors of v.
2, 3
Suppose -36 = -5*d + 4*d. Suppose w = -3, -2*w + 128 + d = 5*o. List the prime factors of o.
2, 17
Let t(g) = 30*g + 3. Let q(d) = -60*d - 6. Let l(u) = 3*q(u) + 7*t(u). What are the prime factors of l(1)?
3, 11
Let u(y) be the second derivative of y**5/20 - 3*y**4/4 - 5*y**3 + 15*y**2/2 + 23*y. List the prime factors of u(12).
3, 29
Suppose -5*s = -5*j + 80, 28 = j - 3*s + 2. Suppose n + j = -u - 9, -3*u + 4*n = 32. List the prime factors of (-5)/(-4)*u/(-4).
5
Suppose -369 - 1107 = -6*f. List the prime factors of f.
2, 3, 41
Let p(u) = 146*u + 24. Let d be p(12). Suppose 0 = -x + 13*x - d. What are the prime factors of x?
2, 37
List the prime factors of 190*270/20 - -13.
2, 1289
Let s be (-3)/(36/8 - 3). Let b be 2 + 4 + s + 11. Suppose 0 = -2*r + 45 + b. List the prime factors of r.
2, 3, 5
Suppose 2*k - 4*d - 387 = -k, 0 = -d + 3. List the prime factors of k.
7, 19
Suppose -4*x + 2*x + 8 = 0. What are the prime factors of x/(-12) + 200/6?
3, 11
Let r(f) = 7*f**3 + 3*f**2 + 5*f + 4. Let h be r(-2). Let p = h - -83. What are the prime factors of p?
3, 11
Let k(w) = 21*w**2 + 3*w - 12. Let y(n) = 14*n**2 + 2*n - 8. Let s(b) = -5*k(b) + 8*y(b). Let i be s(-3). Let l = 104 - i. What are the prime factors of l?
2, 3
Let p = -159 + 327. What are the prime factors of p?
2, 3, 7
Let h = 225 + 884. What are the prime factors of h?
1109
Suppose 0 = t + t. Let s(l) = 3*l**2 - l + 46. List the prime factors of s(t).
2, 23
Suppose -3*b - 22 = -5*w + 83, 5*w + 5*b - 105 = 0. Let v = 33 - w. What are the prime factors of v/(-8)*32/(-3)?
2
Let v be 3*80/(-15)*2/(-4). Suppose -f + 68 = i + v, i + 5*f - 72 = 0. List the prime factors of i.
3, 19
Suppose -5*x + 2*w - 49 = 0, -6*x - 47 = -2*x + w. Let k = x + 16. Suppose 4*z - 50 = -k*n, 0*z = 4*n + 4*z - 36. List the prime factors of n.
2, 7
Let k(l) = 144*l**2 + 6*l + 46. List the prime factors of k(-4).
2, 1163
Let d(p) = -2*p**3 - 3*p**2 + 8*p - 15. List the prime factors of d(-8).
3, 251
Let i = -374 - -100. Let t = i - -470. List the prime factors of t.
2, 7
Suppose -3*z = -5*z + 954. Suppose 188 + z = 7*n. List the prime factors of n.
5, 19
Let u be (2/(-5))/((-12)/30). Let w = u + 25. List the prime factors of w.
2, 13
Let l = -704 - -3317. List the prime factors of l.
3, 13, 67
Let g = 4 - 3. What are the prime factors of ((-19)/(-3) + g)/((-2)/(-9))?
3, 11
List the prime factors of (-1)/(3/(-320))*111/74.
2, 5
Suppose -1530 = -5*s + 1660. What are the prime factors of s?
2, 11, 29
Let k(x) = x**3 + 28*x**2 - 97*x - 22. What are the prime factors of k(-29)?
2, 3, 5, 13
Let f(c) = -c**3 + 15*c**2 - c + 17. Let r be f(15). Suppose -r*o + 2 = -86. What are the prime factors of o?
2, 11
Suppose -8*l + 3*l = -680. Suppose -5*m + 372 = -18. Let x = l - m. What are the prime factors of x?
2, 29
Let y = 5 + 5. Let z be (2 + 24)/(5/y). Let i = z + -21. List the prime factors of i.
31
Let y(i) = -53*i - 17. Let c(b) = -4*b + 1 - 4 - 4*b - b. Let h(o) = 34*c(o) - 6*y(o). List the prime factors of h(1).
2, 3
Let b(o) = 6*o**2 + 7*o + 10. Let l be b(-5). Let g 